{"id":648,"date":"2026-03-03T09:56:39","date_gmt":"2026-03-03T06:56:39","guid":{"rendered":"https:\/\/www.galerisuart.com.tr\/?page_id=648"},"modified":"2026-04-20T14:34:11","modified_gmt":"2026-04-20T11:34:11","slug":"iranli-sanatci-hasan","status":"publish","type":"page","link":"https:\/\/www.galerisuart.com.tr\/index.php\/sanatcilar\/iranli-sanatci-hasan\/","title":{"rendered":"\u0130ranl\u0131 Sanat\u00e7\u0131 Hasan"},"content":{"rendered":"<style>.elementor-648 .elementor-element.elementor-element-7b13d121{--display:flex;--flex-direction:row;--container-widget-width:initial;--container-widget-height:100%;--container-widget-flex-grow:1;--container-widget-align-self:stretch;--flex-wrap-mobile:wrap;--gap:35px 35px;--row-gap:35px;--column-gap:35px;--margin-top:0em;--margin-bottom:0em;--margin-left:0em;--margin-right:0em;--padding-top:1em;--padding-bottom:1em;--padding-left:1em;--padding-right:1em;}.elementor-648 .elementor-element.elementor-element-6c40089c{--display:flex;}.elementor-648 .elementor-element.elementor-element-7a6dbd8b img{width:100%;max-width:100%;height:66vh;object-fit:cover;object-position:center right;}.elementor-648 .elementor-element.elementor-element-360d57e1{--display:flex;--justify-content:flex-end;}.elementor-648 .elementor-element.elementor-element-5ea74fbc .elementor-heading-title{font-family:\"Poiret One\", Sans-serif;font-size:3.7rem;font-weight:600;line-height:1.2em;}.elementor-648 .elementor-element.elementor-element-5ea74fbc{width:var( --container-widget-width, 89% );max-width:89%;--container-widget-width:89%;--container-widget-flex-grow:0;}.elementor-648 .elementor-element.elementor-element-7cec2b0{--display:flex;--flex-direction:column;--container-widget-width:100%;--container-widget-height:initial;--container-widget-flex-grow:0;--container-widget-align-self:initial;--flex-wrap-mobile:wrap;}.elementor-648 .elementor-element.elementor-element-7cec2b0:not(.elementor-motion-effects-element-type-background), .elementor-648 .elementor-element.elementor-element-7cec2b0 > .elementor-motion-effects-container > .elementor-motion-effects-layer{background-color:#FFFFFF;}.elementor-648 .elementor-element.elementor-element-9a7a7e0{--spacer-size:50px;}.elementor-648 .elementor-element.elementor-element-9b5332f{--display:grid;--e-con-grid-template-columns:repeat(4, 1fr);--e-con-grid-template-rows:repeat(2, 1fr);--gap:15px 15px;--row-gap:15px;--column-gap:15px;--grid-auto-flow:row;}.elementor-648 .elementor-element.elementor-element-9b5332f.e-con{--flex-grow:0;--flex-shrink:0;}.elementor-648 .elementor-element.elementor-element-2c58a69{--display:flex;--min-height:150px;--justify-content:flex-start;--gap:0px 0px;--row-gap:0px;--column-gap:0px;--overlay-opacity:1;box-shadow:0px 0px 10px 0px rgba(255, 255, 255, 0.74);--padding-top:23px;--padding-bottom:23px;--padding-left:23px;--padding-right:23px;}.elementor-648 .elementor-element.elementor-element-2c58a69::before, .elementor-648 .elementor-element.elementor-element-2c58a69 > .elementor-background-video-container::before, .elementor-648 .elementor-element.elementor-element-2c58a69 > .e-con-inner > .elementor-background-video-container::before, .elementor-648 .elementor-element.elementor-element-2c58a69 > .elementor-background-slideshow::before, .elementor-648 .elementor-element.elementor-element-2c58a69 > .e-con-inner > .elementor-background-slideshow::before, .elementor-648 .elementor-element.elementor-element-2c58a69 > .elementor-motion-effects-container > .elementor-motion-effects-layer::before{--background-overlay:'';background-color:#D5D5D5;}.elementor-648 .elementor-element.elementor-element-2c58a69.e-con{--flex-grow:1;--flex-shrink:0;}.elementor-648 .elementor-element.elementor-element-aba5608 img{width:100%;height:190px;object-fit:cover;object-position:center center;border-style:double;border-width:7px 7px 7px 7px;border-color:#000000;}.elementor-648 .elementor-element.elementor-element-0ba69cb .elementor-heading-title{font-family:\"Montserrat\", Sans-serif;font-size:14px;font-weight:900;}.elementor-648 .elementor-element.elementor-element-d07d9cc{text-align:center;}.elementor-648 .elementor-element.elementor-element-d07d9cc .elementor-heading-title{font-size:21px;font-weight:600;color:#000000;}.elementor-648 .elementor-element.elementor-element-e8b387b{text-align:center;}.elementor-648 .elementor-element.elementor-element-e8b387b .elementor-heading-title{font-family:\"Trebuchet MS\", Sans-serif;font-size:14px;letter-spacing:-0.3px;color:#000000;}.elementor-648 .elementor-element.elementor-element-374ce21{--display:flex;--min-height:150px;--justify-content:flex-start;--gap:0px 0px;--row-gap:0px;--column-gap:0px;--overlay-opacity:1;box-shadow:0px 0px 10px 0px rgba(255, 255, 255, 0.74);--padding-top:23px;--padding-bottom:23px;--padding-left:23px;--padding-right:23px;}.elementor-648 .elementor-element.elementor-element-374ce21::before, .elementor-648 .elementor-element.elementor-element-374ce21 > .elementor-background-video-container::before, .elementor-648 .elementor-element.elementor-element-374ce21 > .e-con-inner > .elementor-background-video-container::before, .elementor-648 .elementor-element.elementor-element-374ce21 > .elementor-background-slideshow::before, .elementor-648 .elementor-element.elementor-element-374ce21 > .e-con-inner > .elementor-background-slideshow::before, .elementor-648 .elementor-element.elementor-element-374ce21 > .elementor-motion-effects-container > .elementor-motion-effects-layer::before{--background-overlay:'';background-color:#D5D5D5;}.elementor-648 .elementor-element.elementor-element-374ce21.e-con{--flex-grow:1;--flex-shrink:0;}.elementor-648 .elementor-element.elementor-element-a39c6e4 img{width:100%;height:190px;object-fit:cover;object-position:center center;border-style:double;border-width:7px 7px 7px 7px;border-color:#000000;}.elementor-648 .elementor-element.elementor-element-6723c68 .elementor-heading-title{font-family:\"Montserrat\", Sans-serif;font-size:14px;font-weight:900;}.elementor-648 .elementor-element.elementor-element-c538db8{text-align:center;}.elementor-648 .elementor-element.elementor-element-c538db8 .elementor-heading-title{font-size:21px;font-weight:600;color:#000000;}.elementor-648 .elementor-element.elementor-element-f637a9f{text-align:center;}.elementor-648 .elementor-element.elementor-element-f637a9f .elementor-heading-title{font-family:\"Trebuchet MS\", Sans-serif;font-size:14px;letter-spacing:-0.3px;color:#000000;}.elementor-648 .elementor-element.elementor-element-64e6adb{--display:flex;--min-height:150px;--justify-content:flex-start;--gap:0px 0px;--row-gap:0px;--column-gap:0px;--overlay-opacity:1;box-shadow:0px 0px 10px 0px rgba(255, 255, 255, 0.74);--padding-top:23px;--padding-bottom:23px;--padding-left:23px;--padding-right:23px;}.elementor-648 .elementor-element.elementor-element-64e6adb::before, .elementor-648 .elementor-element.elementor-element-64e6adb > .elementor-background-video-container::before, .elementor-648 .elementor-element.elementor-element-64e6adb > .e-con-inner > .elementor-background-video-container::before, .elementor-648 .elementor-element.elementor-element-64e6adb > .elementor-background-slideshow::before, .elementor-648 .elementor-element.elementor-element-64e6adb > .e-con-inner > .elementor-background-slideshow::before, .elementor-648 .elementor-element.elementor-element-64e6adb > .elementor-motion-effects-container > .elementor-motion-effects-layer::before{--background-overlay:'';background-color:#D5D5D5;}.elementor-648 .elementor-element.elementor-element-64e6adb.e-con{--flex-grow:1;--flex-shrink:0;}.elementor-648 .elementor-element.elementor-element-c52c1bc img{width:100%;height:190px;object-fit:cover;object-position:center center;border-style:double;border-width:7px 7px 7px 7px;border-color:#000000;}.elementor-648 .elementor-element.elementor-element-6b5607e .elementor-heading-title{font-family:\"Montserrat\", Sans-serif;font-size:14px;font-weight:900;}.elementor-648 .elementor-element.elementor-element-272c675{text-align:center;}.elementor-648 .elementor-element.elementor-element-272c675 .elementor-heading-title{font-size:21px;font-weight:600;color:#000000;}.elementor-648 .elementor-element.elementor-element-5dd8f29{text-align:center;}.elementor-648 .elementor-element.elementor-element-5dd8f29 .elementor-heading-title{font-family:\"Trebuchet MS\", Sans-serif;font-size:14px;letter-spacing:-0.3px;color:#000000;}@media(max-width:1024px){.elementor-648 .elementor-element.elementor-element-7b13d121{--flex-direction:column;--container-widget-width:100%;--container-widget-height:initial;--container-widget-flex-grow:0;--container-widget-align-self:initial;--flex-wrap-mobile:wrap;--margin-top:0em;--margin-bottom:0em;--margin-left:0em;--margin-right:0em;--padding-top:0em;--padding-bottom:3em;--padding-left:1em;--padding-right:1em;}.elementor-648 .elementor-element.elementor-element-7a6dbd8b img{height:53vh;object-position:top left;}.elementor-648 .elementor-element.elementor-element-5ea74fbc .elementor-heading-title{font-size:3.5rem;line-height:1.2em;}.elementor-648 .elementor-element.elementor-element-9b5332f{--grid-auto-flow:row;}}@media(max-width:767px){.elementor-648 .elementor-element.elementor-element-7b13d121{--width:100%;}.elementor-648 .elementor-element.elementor-element-6c40089c{--width:100%;}.elementor-648 .elementor-element.elementor-element-7a6dbd8b img{height:57vh;object-position:center center;}.elementor-648 .elementor-element.elementor-element-5ea74fbc .elementor-heading-title{font-size:2.5rem;line-height:1.2em;}.elementor-648 .elementor-element.elementor-element-5ea74fbc{--container-widget-width:100%;--container-widget-flex-grow:0;width:var( --container-widget-width, 100% );max-width:100%;}.elementor-648 .elementor-element.elementor-element-9b5332f{--e-con-grid-template-columns:repeat(1, 1fr);--grid-auto-flow:row;}}@media(min-width:768px){.elementor-648 .elementor-element.elementor-element-6c40089c{--width:50%;}.elementor-648 .elementor-element.elementor-element-360d57e1{--width:50%;}.elementor-648 .elementor-element.elementor-element-7cec2b0{--content-width:95%;}.elementor-648 .elementor-element.elementor-element-9b5332f{--width:100%;}}@media(max-width:1024px) and (min-width:768px){.elementor-648 .elementor-element.elementor-element-6c40089c{--width:100%;}.elementor-648 .elementor-element.elementor-element-360d57e1{--width:100%;}}<\/style>\t\t<div data-elementor-type=\"wp-page\" data-elementor-id=\"648\" class=\"elementor elementor-648\" data-elementor-post-type=\"page\">\n\t\t\t\t<div class=\"elementor-element elementor-element-7b13d121 e-con-full e-flex e-con e-parent\" data-id=\"7b13d121\" data-element_type=\"container\" data-e-type=\"container\">\n\t\t<div class=\"elementor-element elementor-element-6c40089c e-con-full e-flex e-con e-child\" data-id=\"6c40089c\" data-element_type=\"container\" data-e-type=\"container\">\n\t\t\t\t<div class=\"elementor-element elementor-element-7a6dbd8b elementor-widget elementor-widget-image\" data-id=\"7a6dbd8b\" data-element_type=\"widget\" data-e-type=\"widget\" data-widget_type=\"image.default\">\n\t\t\t\t\t\t\t\t\t\t\t\t\t\t\t<img fetchpriority=\"high\" decoding=\"async\" width=\"2560\" height=\"2031\" src=\"https:\/\/www.galerisuart.com.tr\/wp-content\/uploads\/2026\/03\/Iranli-sanatci-Hasan-60-X75-t.u.y.b-scaled.jpg\" class=\"attachment-full size-full wp-image-649\" alt=\"\" srcset=\"https:\/\/www.galerisuart.com.tr\/wp-content\/uploads\/2026\/03\/Iranli-sanatci-Hasan-60-X75-t.u.y.b-scaled.jpg 2560w, https:\/\/www.galerisuart.com.tr\/wp-content\/uploads\/2026\/03\/Iranli-sanatci-Hasan-60-X75-t.u.y.b-300x238.jpg 300w, https:\/\/www.galerisuart.com.tr\/wp-content\/uploads\/2026\/03\/Iranli-sanatci-Hasan-60-X75-t.u.y.b-1024x813.jpg 1024w, https:\/\/www.galerisuart.com.tr\/wp-content\/uploads\/2026\/03\/Iranli-sanatci-Hasan-60-X75-t.u.y.b-768x609.jpg 768w, https:\/\/www.galerisuart.com.tr\/wp-content\/uploads\/2026\/03\/Iranli-sanatci-Hasan-60-X75-t.u.y.b-1536x1219.jpg 1536w, https:\/\/www.galerisuart.com.tr\/wp-content\/uploads\/2026\/03\/Iranli-sanatci-Hasan-60-X75-t.u.y.b-2048x1625.jpg 2048w\" sizes=\"(max-width: 2560px) 100vw, 2560px\" \/>\t\t\t\t\t\t\t\t\t\t\t\t\t\t\t<\/div>\n\t\t\t\t<\/div>\n\t\t<div class=\"elementor-element elementor-element-360d57e1 e-con-full e-flex e-con e-child\" data-id=\"360d57e1\" data-element_type=\"container\" data-e-type=\"container\">\n\t\t\t\t<div class=\"elementor-element elementor-element-5ea74fbc elementor-widget__width-initial elementor-invisible elementor-widget elementor-widget-heading\" data-id=\"5ea74fbc\" data-element_type=\"widget\" data-e-type=\"widget\" data-settings=\"{&quot;_animation&quot;:&quot;fadeInUp&quot;,&quot;_animation_delay&quot;:200}\" data-widget_type=\"heading.default\">\n\t\t\t\t\t<h1 class=\"elementor-heading-title elementor-size-default\">\u0130ranl\u0131 Sanat\u00e7\u0131 Hasan<\/h1>\t\t\t\t<\/div>\n\t\t\t\t<\/div>\n\t\t\t\t<\/div>\n\t\t<div class=\"elementor-element elementor-element-7cec2b0 e-flex e-con-boxed e-con e-parent\" data-id=\"7cec2b0\" data-element_type=\"container\" data-e-type=\"container\" data-settings=\"{&quot;background_background&quot;:&quot;classic&quot;}\">\n\t\t\t\t\t<div class=\"e-con-inner\">\n\t\t\t\t<div class=\"elementor-element elementor-element-9a7a7e0 elementor-widget elementor-widget-spacer\" data-id=\"9a7a7e0\" data-element_type=\"widget\" data-e-type=\"widget\" data-widget_type=\"spacer.default\">\n\t\t\t\t\t\t\t<div class=\"elementor-spacer\">\n\t\t\t<div class=\"elementor-spacer-inner\"><\/div>\n\t\t<\/div>\n\t\t\t\t\t\t<\/div>\n\t\t<div class=\"elementor-element elementor-element-9b5332f e-grid e-con-full e-con e-child\" data-id=\"9b5332f\" data-element_type=\"container\" data-e-type=\"container\">\n\t\t<div class=\"elementor-element elementor-element-2c58a69 e-con-full e-flex e-con e-child\" data-id=\"2c58a69\" data-element_type=\"container\" data-e-type=\"container\">\n\t\t\t\t<div class=\"elementor-element elementor-element-aba5608 elementor-widget elementor-widget-image\" data-id=\"aba5608\" data-element_type=\"widget\" data-e-type=\"widget\" data-widget_type=\"image.default\">\n\t\t\t\t\t\t\t\t\t\t\t\t\t\t\t\t<a href=\"https:\/\/www.galerisuart.com.tr\/wp-content\/uploads\/2026\/03\/Iranli-sanatci-Hasan-60-X75-t.u.y.b-scaled.jpg\" data-elementor-open-lightbox=\"yes\" data-elementor-lightbox-title=\"\u0130ranl\u0131 sanat\u00e7\u0131 Hasan 60 X75 t.\u00fc.y.b.\" data-e-action-hash=\"#elementor-action%3Aaction%3Dlightbox%26settings%3DeyJpZCI6NjQ5LCJ1cmwiOiJodHRwczpcL1wvd3d3LmdhbGVyaXN1YXJ0LmNvbS50clwvd3AtY29udGVudFwvdXBsb2Fkc1wvMjAyNlwvMDNcL0lyYW5saS1zYW5hdGNpLUhhc2FuLTYwLVg3NS10LnUueS5iLXNjYWxlZC5qcGcifQ%3D%3D\">\n\t\t\t\t\t\t\t<img decoding=\"async\" width=\"800\" height=\"635\" src=\"https:\/\/www.galerisuart.com.tr\/wp-content\/uploads\/2026\/03\/Iranli-sanatci-Hasan-60-X75-t.u.y.b-1024x813.jpg\" class=\"attachment-large size-large wp-image-649\" alt=\"\" srcset=\"https:\/\/www.galerisuart.com.tr\/wp-content\/uploads\/2026\/03\/Iranli-sanatci-Hasan-60-X75-t.u.y.b-1024x813.jpg 1024w, https:\/\/www.galerisuart.com.tr\/wp-content\/uploads\/2026\/03\/Iranli-sanatci-Hasan-60-X75-t.u.y.b-300x238.jpg 300w, https:\/\/www.galerisuart.com.tr\/wp-content\/uploads\/2026\/03\/Iranli-sanatci-Hasan-60-X75-t.u.y.b-768x609.jpg 768w, https:\/\/www.galerisuart.com.tr\/wp-content\/uploads\/2026\/03\/Iranli-sanatci-Hasan-60-X75-t.u.y.b-1536x1219.jpg 1536w, https:\/\/www.galerisuart.com.tr\/wp-content\/uploads\/2026\/03\/Iranli-sanatci-Hasan-60-X75-t.u.y.b-2048x1625.jpg 2048w\" sizes=\"(max-width: 800px) 100vw, 800px\" \/>\t\t\t\t\t\t\t\t<\/a>\n\t\t\t\t\t\t\t\t\t\t\t\t\t\t\t<\/div>\n\t\t\t\t<div class=\"elementor-element elementor-element-0ba69cb elementor-widget elementor-widget-heading\" data-id=\"0ba69cb\" data-element_type=\"widget\" data-e-type=\"widget\" data-widget_type=\"heading.default\">\n\t\t\t\t\t<h1 class=\"elementor-heading-title elementor-size-default\">No:1<\/h1>\t\t\t\t<\/div>\n\t\t\t\t<div class=\"elementor-element elementor-element-d07d9cc elementor-widget elementor-widget-heading\" data-id=\"d07d9cc\" data-element_type=\"widget\" data-e-type=\"widget\" data-widget_type=\"heading.default\">\n\t\t\t\t\t<h2 class=\"elementor-heading-title elementor-size-default\">\u0130ranl\u0131 Sanat\u00e7\u0131 Hasan<\/h2>\t\t\t\t<\/div>\n\t\t\t\t<div class=\"elementor-element elementor-element-e8b387b elementor-widget elementor-widget-heading\" data-id=\"e8b387b\" data-element_type=\"widget\" data-e-type=\"widget\" data-widget_type=\"heading.default\">\n\t\t\t\t\t<p class=\"elementor-heading-title elementor-size-default\">60 X75 t.\u00fc.y.b.<\/p>\t\t\t\t<\/div>\n\t\t\t\t<\/div>\n\t\t<div class=\"elementor-element elementor-element-374ce21 e-con-full e-flex e-con e-child\" data-id=\"374ce21\" data-element_type=\"container\" data-e-type=\"container\">\n\t\t\t\t<div class=\"elementor-element elementor-element-a39c6e4 elementor-widget elementor-widget-image\" data-id=\"a39c6e4\" data-element_type=\"widget\" data-e-type=\"widget\" data-widget_type=\"image.default\">\n\t\t\t\t\t\t\t\t\t\t\t\t\t\t\t\t<a href=\"https:\/\/www.galerisuart.com.tr\/wp-content\/uploads\/2026\/03\/Iranli-sanatci-Hasan-45-x80-t.u.y.b-scaled.jpg\" data-elementor-open-lightbox=\"yes\" data-elementor-lightbox-title=\"\u0130ranl\u0131 sanat\u00e7\u0131 Hasan 45 x80 t.\u00fc.y.b.\" data-e-action-hash=\"#elementor-action%3Aaction%3Dlightbox%26settings%3DeyJpZCI6NjUwLCJ1cmwiOiJodHRwczpcL1wvd3d3LmdhbGVyaXN1YXJ0LmNvbS50clwvd3AtY29udGVudFwvdXBsb2Fkc1wvMjAyNlwvMDNcL0lyYW5saS1zYW5hdGNpLUhhc2FuLTQ1LXg4MC10LnUueS5iLXNjYWxlZC5qcGcifQ%3D%3D\">\n\t\t\t\t\t\t\t<img decoding=\"async\" width=\"800\" height=\"444\" src=\"https:\/\/www.galerisuart.com.tr\/wp-content\/uploads\/2026\/03\/Iranli-sanatci-Hasan-45-x80-t.u.y.b-1024x568.jpg\" class=\"attachment-large size-large wp-image-650\" alt=\"\" srcset=\"https:\/\/www.galerisuart.com.tr\/wp-content\/uploads\/2026\/03\/Iranli-sanatci-Hasan-45-x80-t.u.y.b-1024x568.jpg 1024w, https:\/\/www.galerisuart.com.tr\/wp-content\/uploads\/2026\/03\/Iranli-sanatci-Hasan-45-x80-t.u.y.b-300x166.jpg 300w, https:\/\/www.galerisuart.com.tr\/wp-content\/uploads\/2026\/03\/Iranli-sanatci-Hasan-45-x80-t.u.y.b-768x426.jpg 768w, https:\/\/www.galerisuart.com.tr\/wp-content\/uploads\/2026\/03\/Iranli-sanatci-Hasan-45-x80-t.u.y.b-1536x852.jpg 1536w, https:\/\/www.galerisuart.com.tr\/wp-content\/uploads\/2026\/03\/Iranli-sanatci-Hasan-45-x80-t.u.y.b-2048x1136.jpg 2048w\" sizes=\"(max-width: 800px) 100vw, 800px\" \/>\t\t\t\t\t\t\t\t<\/a>\n\t\t\t\t\t\t\t\t\t\t\t\t\t\t\t<\/div>\n\t\t\t\t<div class=\"elementor-element elementor-element-6723c68 elementor-widget elementor-widget-heading\" data-id=\"6723c68\" data-element_type=\"widget\" data-e-type=\"widget\" data-widget_type=\"heading.default\">\n\t\t\t\t\t<h1 class=\"elementor-heading-title elementor-size-default\">No:2<\/h1>\t\t\t\t<\/div>\n\t\t\t\t<div class=\"elementor-element elementor-element-c538db8 elementor-widget elementor-widget-heading\" data-id=\"c538db8\" data-element_type=\"widget\" data-e-type=\"widget\" data-widget_type=\"heading.default\">\n\t\t\t\t\t<h2 class=\"elementor-heading-title elementor-size-default\">\u0130ranl\u0131 Sanat\u00e7\u0131 Hasan<\/h2>\t\t\t\t<\/div>\n\t\t\t\t<div class=\"elementor-element elementor-element-f637a9f elementor-widget elementor-widget-heading\" data-id=\"f637a9f\" data-element_type=\"widget\" data-e-type=\"widget\" data-widget_type=\"heading.default\">\n\t\t\t\t\t<p class=\"elementor-heading-title elementor-size-default\">45 x80 t.\u00fc.y.b.<\/p>\t\t\t\t<\/div>\n\t\t\t\t<\/div>\n\t\t<div class=\"elementor-element elementor-element-64e6adb e-con-full e-flex e-con e-child\" data-id=\"64e6adb\" data-element_type=\"container\" data-e-type=\"container\">\n\t\t\t\t<div class=\"elementor-element elementor-element-c52c1bc elementor-widget elementor-widget-image\" data-id=\"c52c1bc\" data-element_type=\"widget\" data-e-type=\"widget\" data-widget_type=\"image.default\">\n\t\t\t\t\t\t\t\t\t\t\t\t\t\t\t\t<a href=\"https:\/\/www.galerisuart.com.tr\/wp-content\/uploads\/2026\/03\/Iranli-Sanatci-Hasan-60-X45-T.UZ_.Y.B-scaled.jpg\" data-elementor-open-lightbox=\"yes\" data-elementor-lightbox-title=\"\u0130ranl\u0131 Sanat\u00e7\u0131 Hasan 60 X45 T.\u00dcZ.Y.B.\" data-e-action-hash=\"#elementor-action%3Aaction%3Dlightbox%26settings%3DeyJpZCI6NjUxLCJ1cmwiOiJodHRwczpcL1wvd3d3LmdhbGVyaXN1YXJ0LmNvbS50clwvd3AtY29udGVudFwvdXBsb2Fkc1wvMjAyNlwvMDNcL0lyYW5saS1TYW5hdGNpLUhhc2FuLTYwLVg0NS1ULlVaXy5ZLkItc2NhbGVkLmpwZyJ9\">\n\t\t\t\t\t\t\t<img loading=\"lazy\" decoding=\"async\" width=\"764\" height=\"1024\" src=\"https:\/\/www.galerisuart.com.tr\/wp-content\/uploads\/2026\/03\/Iranli-Sanatci-Hasan-60-X45-T.UZ_.Y.B-764x1024.jpg\" class=\"attachment-large size-large wp-image-651\" alt=\"\" srcset=\"https:\/\/www.galerisuart.com.tr\/wp-content\/uploads\/2026\/03\/Iranli-Sanatci-Hasan-60-X45-T.UZ_.Y.B-764x1024.jpg 764w, https:\/\/www.galerisuart.com.tr\/wp-content\/uploads\/2026\/03\/Iranli-Sanatci-Hasan-60-X45-T.UZ_.Y.B-224x300.jpg 224w, https:\/\/www.galerisuart.com.tr\/wp-content\/uploads\/2026\/03\/Iranli-Sanatci-Hasan-60-X45-T.UZ_.Y.B-768x1030.jpg 768w, https:\/\/www.galerisuart.com.tr\/wp-content\/uploads\/2026\/03\/Iranli-Sanatci-Hasan-60-X45-T.UZ_.Y.B-1145x1536.jpg 1145w, https:\/\/www.galerisuart.com.tr\/wp-content\/uploads\/2026\/03\/Iranli-Sanatci-Hasan-60-X45-T.UZ_.Y.B-1527x2048.jpg 1527w, https:\/\/www.galerisuart.com.tr\/wp-content\/uploads\/2026\/03\/Iranli-Sanatci-Hasan-60-X45-T.UZ_.Y.B-scaled.jpg 1909w\" sizes=\"(max-width: 764px) 100vw, 764px\" \/>\t\t\t\t\t\t\t\t<\/a>\n\t\t\t\t\t\t\t\t\t\t\t\t\t\t\t<\/div>\n\t\t\t\t<div class=\"elementor-element elementor-element-6b5607e elementor-widget elementor-widget-heading\" data-id=\"6b5607e\" data-element_type=\"widget\" data-e-type=\"widget\" data-widget_type=\"heading.default\">\n\t\t\t\t\t<h1 class=\"elementor-heading-title elementor-size-default\">No:3<\/h1>\t\t\t\t<\/div>\n\t\t\t\t<div class=\"elementor-element elementor-element-272c675 elementor-widget elementor-widget-heading\" data-id=\"272c675\" data-element_type=\"widget\" data-e-type=\"widget\" data-widget_type=\"heading.default\">\n\t\t\t\t\t<h2 class=\"elementor-heading-title elementor-size-default\">\u0130ranl\u0131 Sanat\u00e7\u0131 Hasan<\/h2>\t\t\t\t<\/div>\n\t\t\t\t<div class=\"elementor-element elementor-element-5dd8f29 elementor-widget elementor-widget-heading\" data-id=\"5dd8f29\" data-element_type=\"widget\" data-e-type=\"widget\" data-widget_type=\"heading.default\">\n\t\t\t\t\t<p class=\"elementor-heading-title elementor-size-default\">60 X45 T.\u00dcZ.Y.B.<\/p>\t\t\t\t<\/div>\n\t\t\t\t<\/div>\n\t\t\t\t<\/div>\n\t\t\t\t\t<\/div>\n\t\t\t\t<\/div>\n\t\t\t\t<\/div>\n\t\t","protected":false},"excerpt":{"rendered":"<p>No:1 60 X75 t.\u00fc.y.b. No:2 45 x80 t.\u00fc.y.b. No:3 60 X45 T.\u00dcZ.Y.B.<\/p>\n","protected":false},"author":1,"featured_media":649,"parent":126,"menu_order":0,"comment_status":"closed","ping_status":"closed","template":"","meta":{"footnotes":""},"class_list":["post-648","page","type-page","status-publish","has-post-thumbnail","hentry"],"_links":{"self":[{"href":"https:\/\/www.galerisuart.com.tr\/index.php\/wp-json\/wp\/v2\/pages\/648","targetHints":{"allow":["GET"]}}],"collection":[{"href":"https:\/\/www.galerisuart.com.tr\/index.php\/wp-json\/wp\/v2\/pages"}],"about":[{"href":"https:\/\/www.galerisuart.com.tr\/index.php\/wp-json\/wp\/v2\/types\/page"}],"author":[{"embeddable":true,"href":"https:\/\/www.galerisuart.com.tr\/index.php\/wp-json\/wp\/v2\/users\/1"}],"replies":[{"embeddable":true,"href":"https:\/\/www.galerisuart.com.tr\/index.php\/wp-json\/wp\/v2\/comments?post=648"}],"version-history":[{"count":13,"href":"https:\/\/www.galerisuart.com.tr\/index.php\/wp-json\/wp\/v2\/pages\/648\/revisions"}],"predecessor-version":[{"id":1812,"href":"https:\/\/www.galerisuart.com.tr\/index.php\/wp-json\/wp\/v2\/pages\/648\/revisions\/1812"}],"up":[{"embeddable":true,"href":"https:\/\/www.galerisuart.com.tr\/index.php\/wp-json\/wp\/v2\/pages\/126"}],"wp:featuredmedia":[{"embeddable":true,"href":"https:\/\/www.galerisuart.com.tr\/index.php\/wp-json\/wp\/v2\/media\/649"}],"wp:attachment":[{"href":"https:\/\/www.galerisuart.com.tr\/index.php\/wp-json\/wp\/v2\/media?parent=648"}],"curies":[{"name":"wp","href":"https:\/\/api.w.org\/{rel}","templated":true}]}}